ue of -1 - (-3 - -9) - (46 + -20 + 15)?
-48
Evaluate -60 - (-6 - -27 - 31).
-50
Evaluate (20 - (-34 + 65)) + 2 + 13 + -4 - 63.
-63
What is the value of (57 - ((3 - (4 - 2)) + (1070 - 1076))) + 1?
63
What is -169 - (158 - 337) - ((-111 - -2) + (-1 - 1))?
121
What is the value of -1 + 10 + (11 + 35 - 72)?
-17
Evaluate (59 - -6 - 3) + (11 - 20) - 9.
44
What is the value of (5 - (-4 + 2 + 2) - 47) + 2?
-40
Calculate (-2 - 85) + (-98 - (190 - 316)).
-59
Evaluate -18 - (11 + -50) - (-7 - 10).
38
What is the value of -13 - (-47 + (-31 - -20)) - -18?
63
Evaluate 21 + -2 + -77 + 49 - (-32 + -3).
26
20 - (-1 - 17 - (522 + -586))
-26
Calculate 22 + -3 + -7 - 17 - (-106 - (-4 + 3)).
100
Evaluate 6 + 3 - (1095 - 1074).
-12
Calculate -8 + 17 + 40 + (-11 - (4 - -4 - 8)).
38
Calculate (-30 + (17 - (13 - 16)) - -9) + 0.
-1
What is -38 + (30 - (19 + -7 + 4 - 1))?
-23
Evaluate (61 - 34) + 45 - (3 - -6 - 0).
63
-76 - 5 - (35 + -31 - (-4 + 2 - 0))
-87
(0 - 12) + (58 - (-51 + 25 + -5))
77
Calculate 5 - (-7 + (19 - 22) + -45 + 2 + -8).
66
Calculate 58 - (162 + -63) - (90 + -19).
-112
What is (14 - (-6 + 13) - 5) + 1037 + -1059?
-20
Evaluate -37 + -58 + 90 + (1 - 9).
-13
Evaluate 58 - (14 - 4) - 49.
-1
Evaluate 129 - 164 - (1 - (-4 - -5)).
-35
Evaluate 21 - (43 - (-1 + (113 - 10))).
80
Calculate 74 - (-57 - (-97 - 17)).
17
-23 + (57 - 8) + -5
21
Calculate 41 + (-5 - (11 - -1 - (6 + 12))).
42
What is -17 + (73 + -144 - (-10 + 1))?
-79
Evaluate -2 + ((-12 - 0) + (8 - -19) - 111) - 1.
-99
What is the value of -188 + 36 + (108 - -8)?
-36
What is 41 + 4 - (-17 - (-19 + -14))?
29
What is the value of 59 - (81 + (32 - 11))?
-43
What is -15 - (-14 + -1 + 15 + 10 + -73)?
48
What is the value of 18 - (1 + 54 + -10)?
-27
Evaluate 27 - (18 + -11 + -26).
46
What is the value of 4 + 24 - -3 - (1840 + -1865)?
56
41 - 2 - (114 - 87) - (-2 - (-8 + 1))
7
Calculate 83 + (-116 - -39) + (2 - 15).
-7
-24 - ((-3 - -20) + -44 + 39 + -2 + -22)
-12
-15 + -1 + 4 + (-75 - -72) - -3
-12
What is 68 - (4 - 1) - (4 + -61 - -40)?
82
Calculate 4 + -12 + 10 + (2 - 0 - 3) + 2.
3
(3 - -36) + 0 + -46
-7
Evaluate 80 + -3 + -14 + (8 - (7 + (4 - 17))).
77
What is the value of -203 - -153 - (4 + -41)?
-13
97 + (85 - 63) + -40
79
What is -152 + 101 - (0 - 2)?
-49
Calculate -29 + 49 + -9 + -2 + -23.
-14
What is the value of (-39 - 14) + (19 - -45)?
11
What is 19 - (-20 + -50 - 1 - -6 - 10)?
94
Evaluate -18 + (-135 - -101 - 46).
-98
8 - ((-6 - 1) + -12 + 37 + -9)
-1
What is the value of -97 + -10 + 23 + -4 + (-2 - -9)?
-81
Evaluate 522 + -557 + -2 + 5 + -21.
-53
222 - 76 - 101 - (0 + -2 - -12)
35
What is the value of -45 + 15 + 85 + -53?
2
What is -12 - (54 - 120 - -107)?
-53
Calculate -58 + -26 + 76 + 17.
9
Evaluate -36 + -1 + (-2 - (24 - 29)) + 7.
-27
What is the value of (-3 - 11 - (53 + -80)) + -45?
-32
What is -19 - (-19 - -13 - 27 - 4)?
18
Calculate -1 - (13 - (-14 - -24) - (2 + -10)) - 40.
-52
Evaluate (4 + (-18 - -7) - (-91 - -76)) + (1 - -39).
48
Evaluate 74 + (-16 + -58 - -51).
51
Calculate 13 + 1 - (96 - 78) - ((-5 - 0) + -12).
13
What is the value of (-18 - (31 + (-63 - -27))) + -36?
-49
Evaluate (9 - -41) + (-3 - (15 - 7 - (9 + -9))).
39
Evaluate 3 + (310 - 366) + (22 - -1).
-30
What is the value of 47 - (0 - (-7 - -4 - -7 - 14))?
37
-6 - -21 - 38 - (-116 + -2) - (1 - -2)
92
Evaluate (100 + -16 - 76) + -18.
-10
What is the value of -62 + 1 + (52 - -154 - 202)?
-57
What is the value of 5 + (-29 - -13) - (3 + -110)?
96
Calculate 2 + (-5 + 28 + -6 - (6 - (10 + -1))).
22
-76 - (72 + 2 - 93)
-57
What is -49 + 29 + 113 - 102?
-9
0 + 1 + (3 - 7) - (-387 - -368)
16
What is 100 + -97 - (8 - -14)?
-19
Evaluate -1 - 25 - ((-21 - 140) + 131).
4
(-10 - -15) + -2 + (4 - (-8 + 0 + 2))
13
Calculate -55 + (23 - 43 - -55).
-20
1 + -6 + 12 - (-18 + 9 + -6)
22
1 - 0 - 9 - (-160 + 115)
37
What is 41 + -5 + -14 + -6?
16
What is the value of 383 + -400 + (3 - 1) + 74 + (1 - -13)?
73
What is the value of 0 - -26 - (1 + -16 - 19)?
60
Evaluate (10 - (-46 - (-34 - -20))) + -34.
8
What is the value of 62 + 25 + -58 + -21?
8
-15 + -97 - -84 - (-16 - -2) - 50
-64
What is -26 + 160 + -301 + 126?
-41
Evaluate 23 - (-4 + 29 + -16 - -10).
4
What is the value of -27 - (1 - 5 - (-85 + 206))?
98
What is the value of 36 - (12 + -15 + -8 + 8 - -12)?
27
What is the value of 928 + -900 + -22 + -1?
5
Calculate (-44 + 37 - -51) + -32.
12
Calculate 6 + -75 + -2 - (-14 + -4 + 3).
-56
6 - -15 - 9 - (11 - 15)
16
Evaluate 49 + (-10 + 5 + 7 - (-53 - -67)).
37
Calculate 130 + 0 + -137 + (161 - 29).
125
-20 - ((-29 - -5) + -10) - 7
7
Calculate 11 + (-83 - -82 - (78 + 2)).
-70
Calculate -14 - (114 - (39 - -98)).
9
(6 - ((23 - (16 - -2)) + -6)) + 78
85
What is (2 + -14 - 17) + 3 - 13?
-39
What is (0 - -15) + ((-33 - -20) + 22 - 78)?
-54
What is the value of 119 - 70 - (5 - (9 + 6))?
59
What is 2 + 0 + ((-27 - 78) + 113 - (-1 + 13))?
-2
Calculate 34 - -2 - (-72 - (26 - 110)).
24
(-28 - (16 - (-17 - 25))) + 28
-58
(-1 - -153) + (-10339 - -10272)
85
What is (-36 - 1) + 1 - (-131 + 32 - -97)?
-34
Calculate 27 + (-16 - 4) + 7 + -2.
12
Calculate 81 - (-17 - -71) - ((5 - (-2 - -1)) + 0).
21
What is (-6 - 18 - (11 - 23)) + -26?
-38
Calculate (33 - 20 - 17 - -18) + 7 + (-1 - 3).
17
(2 + 0 - (121 - 84 - (-4 + -4))) + 0
-43
Calculate 43 - (-13 + 2 - (16 - 9 - 7) - -10).
44
Calculate 3 + 127 - (-12 - (6 - 8 - 18)).
122
Calculate 72 + (20 + -1 - 37).
54
Evaluate -21 - 15 - (-117 + 65 - 60).
76
What is -1 + -82 + 2188 + -2125?
-20
What is -1 + 7 + -7 + (-96 - -94)?
-3
5 + (-3 - 11) + (20 + -1 - 11)
-1
What is -31 - -55 - 49 - (16 + (-1 - 3) + 1)?
-38
17 - (-16 + 12) - (96 - 43)
-32
Calculate 47 + -32 + 35 - 61.
-11
What is the value of (70 - -3) + (-546 - -494)?
21
Evaluate -11 - (44 - 129 - -33 - (2 + 7)).
50
Evaluate (29 - 5) + (-4 - (-6 + (8 + -9 - 2))).
29
1455 + -1463 + -1 + -11
-20
Evaluate -5 + 1 + 196 + -188 - -9 - (-55 + -5).
73
What is -4 - 8 - ((-65 - 4) + (-2 - (-17 - -12)))?
54
-8 + (45 - 89 - -13)
-39
Calculate (14 - -10) + 23 + (0 - -5) + -19.
33
Evaluate (-116 + 72 - -93) + -60 + (1 - -31).
21
What is -14 + -65 + 5 + (-336 - -342)?
-68
What is the value of -8 + (-8 - -30) + (-92 - -7 - 4)?
-75
Calculate (261 - 284) + (1 + -5 - 15).
-42
Calculate 3 - -24 - (-10 - -33 - (7 + 5)).
16
What is the value of -25 + -3 + (41 - (27 - -31))?
-45
What is the value of 89 - (-11 - (-11 - (-19 - -19))) - 13?
76
Calculate 8 + (9 - (143 - 145 - (-3 + -3 - 3))).
10
What is -159 - (39 + -8 - (95 - 45))?
-140
Calculate -20 + 92 + -48 + -40.
-16
What is -43 - (727 + -750 + (0 - -14))?
-34
What is the value of -4 - ((14 - (-5 + 10)) + (111 - 105))?
-19
Calculate (25 - 27) + -10 + 2 + -40.
-50
Calculate -40 - 33 - -34 - -84.
45
What is -19 + -4 + -7 + (14 - 24) + 20?
-20
Evaluate 76 + -31 + -32 + -29.
-16
What is (2 - -8) + -6 + -47 + -33 + 40?
-36
(103 - 222 - -162) + 0 + -90
-47
Evaluate 1 + (-20 - -33) + -7 - -18.
25
What is 15 + (-7 - -2) + (17 + -2 - 12)?
13
-43 + (224 - 80) + -56
45
What is -62 + (20 - (-21 - 24))?
3
Evaluate -19 + 69 - 49 - 34.
-33
What is the value of 10 + (21 - 11 - 28 - (-26 - 3))?
21
Calculate 13 - (10 + (-54 - 3)).
60
Evaluate (-1 + 1 - -7) + -37 + 17 + 36 + 35.
58
Evaluate -31 + (17 - 64) + -105 + 44.
-139
What is 18 + -11 + (-18 - -15 - 0 - 70 - -6)?
-60
Calculate -7 + -23 + (64 - 40) + 45.
39
What is the value of -47 - (-104 - (9 + -43)) - (15 - -1)?
7
What is (-76 - -67) + 0 + -12 + 10 + -10?
-21
Calculate (-29 - -27) + 11 - (56 - (-3 + 3)).
-47
What is 92 + (73 - (88 - -132))?
-55
Calculate 4 + (-9 - 8) - (76 - 83).
-6
(-1594 - -1642) + (1 - -1)
50
What is the value of -2 + -9 + (389 - 419)?
-41
What is 14 - 3 - (-130 + 161 - 66)?
46
Evaluate -88 - (-1 - 4 - 51).
-32
What is -14 - -7 - (-7 - 21)?
21
What is the value of (-13 - 19) + 19 + (-1 - 3 - -17)?
0
Evaluate -289 - -192 - (-19 + -5 + 15).
-88
Evaluate -24 + (4 + (-7 - (3 + -3)) - (28 - 23)).
-32
-993 + 998 + -4 + 5 + (2 - -4)
12
What is -1 + 0 - (18 - 218 - -206)?
-7
What is 5 - (-6 - -21) - (-11 - (0 + -4) - 4)?
1
What is 14 + 1 - ((-109 - -86) + 2 + 12)?
24
Evaluate (73 - 46 - -20) + -96.
-49
-53 - (2 + -7 + (293 - 309))
-32
What is the value of 2 - (-59 - -46) - 45?
-30
-49 - (-16 + 20 + (-20 - -6)) - (0 - 2)
-37
-5 + -49 + 54 + -1 + (-26 - 1 - 1)
-29
What is the value of -